, what is 1010202 + 211012122?
212100101
In base 5, what is 14020210 - 130?
14020030
In base 16, what is -f + f92db?
f92cc
In base 6, what is 13533114000 - 0?
13533114000
In base 9, what is -125213 + 58?
-125144
In base 8, what is -1577124 + 156?
-1576746
In base 15, what is 75 - 11481?
-1140b
In base 15, what is 4 - bbd07eb?
-bbd07e7
In base 11, what is -9 - 689995?
-6899a3
In base 10, what is 6555365 + -15?
6555350
In base 10, what is 8323 - 993?
7330
In base 9, what is -6138563 - 10?
-6138573
In base 9, what is -302430 + 66?
-302353
In base 7, what is -1020655 + 11213?
-1006442
In base 16, what is 45c7b1 + -3d?
45c774
In base 5, what is 4 - 140331042313?
-140331042304
In base 4, what is 220 + 123222122?
123223002
In base 16, what is -22 - 3950a3?
-3950c5
In base 7, what is 16 + -4605135?
-4605116
In base 3, what is -11121121220022 + 1100?
-11121121211222
In base 14, what is 0 + 15b3bcc?
15b3bcc
In base 10, what is -23846 - 4821?
-28667
In base 8, what is -64146 + -2060?
-66226
In base 9, what is -56 + -315688?
-315755
In base 4, what is -2 + -102121323113?
-102121323121
In base 5, what is -1410422 - 130142?
-2041114
In base 8, what is -11435454 - 0?
-11435454
In base 3, what is 2 + 11001121221220?
11001121221222
In base 13, what is -425c6a + -141?
-4260ab
In base 2, what is -110011111101 + 1110111011?
-100101000010
In base 16, what is -5 - 2c990c3?
-2c990c8
In base 5, what is 32002102 + -1101?
32001001
In base 15, what is -1d + -c009d?
-c00bb
In base 16, what is 3 + -90e1681?
-90e167e
In base 8, what is -427135 + 4621?
-422314
In base 15, what is 2330 - c6?
2259
In base 8, what is 3425451644 + 5?
3425451651
In base 12, what is -77b8333 + 1?
-77b8332
In base 9, what is 18688750 + -18?
18688731
In base 9, what is -13210735 - -27?
-13210707
In base 14, what is 23 - 39240?
-3921b
In base 2, what is -10010100110001100111101 - -10?
-10010100110001100111011
In base 10, what is 12508477 - -3?
12508480
In base 14, what is 8 - -15b8a9?
15b8b3
In base 2, what is -101011 + -111011101100000111?
-111011101100110010
In base 12, what is 3aaa1 + -7a1?
3a300
In base 12, what is -10476 - 1237a?
-22834
In base 3, what is -1212200200 + 211211?
-1211211212
In base 12, what is -63 - 17036bb?
-1703762
In base 3, what is 1110112012202 + 12010?
1110112101212
In base 15, what is -5 + 1455d9b?
1455d96
In base 2, what is 110001111101000 + 10011100100?
110100011001100
In base 5, what is 13242 + 2430004?
2443301
In base 11, what is 4aa941 - 1?
4aa940
In base 6, what is 1 + -1011233413?
-1011233412
In base 10, what is -16295139 - -3?
-16295136
In base 3, what is -2110 + -12201011020?
-12201020200
In base 14, what is -561 + -1a538?
-1aa99
In base 12, what is a567524b + 4?
a5675253
In base 3, what is -222011201 + 2212211?
-212021220
In base 11, what is -1713a - -12a?
-17010
In base 2, what is 11100101110111101111111 + 0?
11100101110111101111111
In base 13, what is 1935117c - -4?
19351183
In base 13, what is -7179 - 4208?
-b384
In base 14, what is -2196 - -120?
-2076
In base 14, what is 24 + -814d4?
-814b0
In base 6, what is 11 - -1034423403?
1034423414
In base 13, what is -52 + -60014?
-60066
In base 4, what is 3223102 - 102302133?
-33013031
In base 10, what is -612104 + -83?
-612187
In base 11, what is 51032 - -aa?
51131
In base 2, what is -110100110001 - 10001010?
-110110111011
In base 15, what is -d + 6eaa8b?
6eaa7d
In base 6, what is -21432145 - 43?
-21432232
In base 9, what is 44 - 168267?
-168223
In base 3, what is 112210200112111 + 10?
112210200112121
In base 4, what is 1 + -30123012101?
-30123012100
In base 14, what is 481 + -5c769?
-5c2c8
In base 15, what is 41bbb + -4b3?
41708
In base 4, what is 122012130220 - -2?
122012130222
In base 15, what is -88417 - c?
-88424
In base 14, what is -4 + -2669c1?
-2669c5
In base 5, what is -20041 - -341401?
321310
In base 4, what is -2 - -1211023100123?
1211023100121
In base 7, what is -1 + 6156436?
6156435
In base 7, what is -563 + -34620163?
-34621056
In base 14, what is -5 + 1034861?
103485a
In base 8, what is -11312 - -20715?
7403
In base 8, what is -4065745 + 24?
-4065721
In base 4, what is -2133132 - 1021100?
-3220232
In base 15, what is 7b2c183 + d?
7b2c191
In base 6, what is -1342225 + -125?
-1342354
In base 4, what is 20 - -2223100?
2223120
In base 13, what is 9 + -868127?
-86811b
In base 9, what is -10 + 16038534?
16038524
In base 16, what is -1d1 + -12137?
-12308
In base 8, what is 2443654025 - 1?
2443654024
In base 6, what is -2 - 44540035?
-44540041
In base 14, what is 287ba5 + 5?
287baa
In base 12, what is 11b5 - 114?
10a1
In base 15, what is d78e256 + 0?
d78e256
In base 6, what is 1051200210250 - -3?
1051200210253
In base 9, what is -24307632 - -8?
-24307623
In base 2, what is 10 + -110100110111111101100100?
-110100110111111101100010
In base 2, what is 10101010010011 + 110110?
10101011001001
In base 5, what is 3103314420 + -4?
3103314411
In base 8, what is 251217504 - 11?
251217473
In base 3, what is 1002102010 - 220001201?
12100102
In base 15, what is 288 + 151e?
17a7
In base 11, what is 13119 + 52?
13170
In base 15, what is -250 + 6d7c?
6b2c
In base 2, what is 110110100000010 - -11001100?
110110111001110
In base 6, what is 1 + 54235314?
54235315
In base 10, what is -139 + 11899?
11760
In base 14, what is -5 + -18624b9?
-18624c0
In base 9, what is -1831 - -1075557?
1073626
In base 11, what is 36a160 + -3?
36a158
In base 12, what is 297 - -10189?
10464
In base 11, what is 534612 + -84?
534539
In base 14, what is 4a35 - -11a6?
5bdb
In base 8, what is 46 + 3645534?
3645602
In base 11, what is -20 - -1560a70?
1560a50
In base 2, what is -11111101010 + 100100010000?
100100110
In base 5, what is 202143230124 - -2?
202143230131
In base 3, what is 11 + -221112102111212?
-221112102111201
In base 2, what is -1000110111111 + 101011000?
-1000001100111
In base 7, what is 2 - 110066310?
-110066305
In base 10, what is 11414928 - 0?
11414928
In base 10, what is -2184 + 922?
-1262
In base 11, what is 16013a - -33?
160172
In base 5, what is -134 - 121014414?
-121020103
In base 8, what is 23 + -61171341?
-61171316
In base 14, what is -1660920 + -3?
-1660923
In base 12, what is 101498 + 80?
101558
In base 11, what is 1612a543 + 2?
1612a545
In base 7, what is 2052 - -2231336?
2233421
In base 10, what is -21070 + 76?
-20994
In base 3, what is 20222112220 + -202210?
20221210010
In base 14, what is 2 - -180ac9?
180acb
In base 13, what is 494416a5 - 4?
494416a1
In base 12, what is 1326 - -161b78?
1632a2
In base 7, what is 46 + -125544121?
-125544042
In base 12, what is -86381 + 895?
-856a8
In base 8, what is -2 + -21432017?
-21432021
In base 9, what is -2 + -2100617?
-2100620
In base 12, what is 16b19b - -1047?
170226
In base 5, what is 1 - -3004422420?
3004422421
In base 6, what is -3 + -2105152212?
-2105152215
In base 8, what is 122537 - -52?
122611
In base 11, what is 34a848 + -266?
34a592
In base 16, what is 7446 + -f0?
7356
In base 14, what is -42ba7 - -50c?
-42699
In base 2, what is 100 + 11000010011110101100000?
11000010011110101100100
In base 2, what is -10 - 110100001101110110101?
-110100001101110110111
In base 13, what is -1c69 + 5a9?
-1690
In base 2, what is 1101100110110110000010001 + 1110?
1101100110110110000011111
In base 16, what is 1c21c27 + -d?
1c21c1a
In base 3, what is 111201011000002 - -101?
111201011000110
In base 9, what is -3 + -14788277?
-14788281
In base 14, what is 7b1232 - 0?
7b1232
In base 8, what is -217 - 1264510?
-1264727
In base 14, what is 4 + -8c901?
-8c8db
In base 5, what is 10 - 11041112223?
-11041112213
In base 8, what is 261 + -120727?
-120446
In base 11, what is -50 + -332777?
-332817
In base 6, what is -1105343 - 21021?
-1130404
In base 5, what is -4 - -43313104011?
43313104002
In base 7, what is 145303422 - 0?
145303422
In base 11, what is -5 + -1159544?
-1159549
In base 7, what is 4 + -31514562?
-31514555
In base 8, what is -236200 + -5635?
-244035
In base 16, what is -775d - -3e8?
-7375
In base 14, what is -212778a - 46?
-21277d2
In base 14, what is 6 - -742b0?
742b6
In base 10, what is 100255647 + 4?
100255651
In base 10, what is -251 - 174490?
-174741
In base 2, what is 10 + 10001001111011011100101?
10001001111011011100111
In base 13, what is -4868132 - 6?
-4868138
In base 7, what is 10422